f m and 1?
1
Suppose -46 = -3*a + 35. Suppose -6*m - 50 + 8 = 0. Let q be 184 + m/(35/(-25)). Calculate the greatest common divisor of q and a.
27
Let c(p) = -2*p - 8. Let z be c(-4). Suppose -2*d = z, d - 5 = 4*b - 53. Let o = 206 + -98. Calculate the greatest common factor of o and b.
12
Let f = -252 + 288. Calculate the greatest common factor of f and 8.
4
Suppose -76 = 5*h - 7*h. Let d(z) = -20*z**3 + 2*z + 1. Let r be d(-1). Calculate the highest common factor of r and h.
19
Suppose 4*b + m - 11 = 0, b + 4*m + 17 = 1. Suppose 2*o = 4, -53 - 13 = -5*g - 3*o. Calculate the greatest common factor of g and b.
4
Suppose -342 = 2*u + 7*u. Let k be (-1)/1*u + 2. What is the highest common factor of 60 and k?
20
Let v(z) = -z - 2. Let t be v(-3). Let g = -88 + 93. What is the highest common divisor of g and t?
1
Let d be (115 + 2 + -4)*(-2)/(-2). Let b = d - 102. Calculate the greatest common divisor of b and 99.
11
Suppose 2*n = t + 6, -2*n + 17 - 5 = -4*t. Let h be 11 + 40 - t/(-1). Calculate the highest common divisor of 196 and h.
49
Suppose 0*m - 5*y = -4*m + 113, -y = 3*m - 61. Calculate the greatest common factor of m and 11.
11
Let s = -597 - -718. What is the highest common factor of 88 and s?
11
Suppose -825 = -9*f + 6*f. Calculate the highest common factor of 22 and f.
11
Let n(b) be the third derivative of -b**5/60 + 7*b**4/12 + 5*b**3 + 8*b**2. Let p be n(15). What is the greatest common divisor of 3 and p?
3
Suppose 32 = 5*i - 4*a, 7*i - 3*a = 6*i + 13. Suppose -8*z + i*z + 16 = 0. What is the highest common factor of z and 14?
2
Let b = 1 - -3. Suppose -2*w - 19 - 5 = 0. Let g = w - -18. Calculate the highest common factor of g and b.
2
Suppose 0 = 6*y - 3*y - 12. Suppose -y*t - 1056 = -8*t. What is the highest common divisor of t and 24?
24
Suppose 0 = 2*q - 3*w - 86, 116 + 12 = 4*q + 5*w. Let a = -28 + q. What is the greatest common divisor of a and 72?
9
Suppose -2*z = -0*z. Suppose 20 = -z*h + 5*h. Suppose -3*p - 5*d - 27 = -82, 5*d + 65 = 3*p. Calculate the greatest common divisor of h and p.
4
Suppose -4*w + 20 = 0, 1 = 4*k + w - 4. Suppose k = -2*x - 2, -5*n - 4*x = -7*n + 90. What is the highest common factor of n and 473?
43
Let d(u) = u**3 - 5*u**2 + 8*u - 4. Let z be d(4). Let b = -6 + 16. Suppose -5*o + 100 - b = 0. What is the greatest common factor of z and o?
6
Let d(f) = -4*f + 130. Let z be d(32). Let k(x) = -6*x - 4. Let s be k(-3). What is the greatest common factor of z and s?
2
Let t(g) = 23*g - 1. Let v be t(1). Let a = v - 12. Suppose 4*y - 12 = 4*l - 0, 14 = 3*y + 2*l. Calculate the greatest common factor of a and y.
2
Let a(f) = 8*f - 4. Let h be a(4). Let k be (-1)/(3 + 1420/(-472)). Suppose 2*l + j = k + 386, 3*l + 4*j = 756. What is the greatest common divisor of l and h?
28
Suppose 3*m - 32 = 73. Let f = 2997 - 2983. What is the greatest common factor of f and m?
7
Let o(w) = 8*w + 160. Let k be o(6). What is the greatest common divisor of k and 176?
16
Let f(a) = a**3 - 10*a**2 - 7*a - 16. Let i be f(11). Calculate the highest common factor of 21 and i.
7
Let r be (21/(-9) + -3)/((-24)/144). Calculate the highest common factor of r and 112.
16
Suppose 3*y = 4*k - 26, 2*y = -k + 2*k - 24. Let c(u) = -u**3 - 14*u**2 - u + 14. Let l be c(y). Calculate the highest common factor of l and 42.
14
Suppose 0*s = -5*s + 505. Let r = -74 + s. Calculate the highest common factor of r and 9.
9
Suppose -3*b - 5*t + 5 + 23 = 0, 0 = 4*b + t - 9. Suppose -5*w = b - 26. Let p be (w/2)/((-10)/(-60)). Calculate the greatest common factor of 45 and p.
15
Suppose -76 = -g - g. Suppose -2*m = -2*n - 154, -m + 19*n = 15*n - 80. Calculate the greatest common factor of m and g.
38
Let j = -369 + 388. Let w be ((-2)/3)/((-8)/228). Calculate the greatest common divisor of w and j.
19
Suppose 2*r + 9*r - 77 = 0. Let z(y) = -y**3 + 3*y**2 + y - 2. Let t be z(3). What is the greatest common factor of t and r?
1
Suppose -12 = -3*g - 6. Suppose -g*x + 13 = 3*k - 23, -2*k = -x + 18. What is the highest common divisor of 18 and x?
18
Let g(v) = 33*v**2 + v + 8. Let m be g(3). Suppose -7*h = -m - 217. Calculate the greatest common divisor of h and 25.
25
Let q(d) = -d - 1. Let g(r) = -6*r - 23. Let s(b) = g(b) + 2*q(b). Let m be s(-5). Suppose -3*x + 4*x = 3. Calculate the greatest common factor of x and m.
3
Let g(t) = -t**3 + 7*t**2 + 8*t + 3. Let x be g(8). Suppose -3*y + 282 = 3*r, 5*y = -x*r + 2*r + 454. Calculate the greatest common factor of 10 and y.
10
Suppose 2*x - 166 = 20. Let g = 532 + x. Suppose 3*b + 225 = 2*s, -5*b = 5*s - 0*b - g. What is the highest common divisor of 15 and s?
15
Let t be (54/10 + -3)/(4/30). Calculate the highest common divisor of t and 1152.
18
Let n be ((-10)/4)/((-4)/8) - -7. What is the highest common divisor of n and 108?
12
Suppose -3*w + 473 = -m, -899 + 247 = -4*w - 4*m. Let k = -108 + w. Calculate the highest common factor of 17 and k.
17
Let s = -31 + 41. Let a be s*3*2/12. Let v be (60/16)/((-2)/(-8)). Calculate the highest common factor of v and a.
5
Let o(s) = -190*s - 10. Let p be o(-1). What is the greatest common divisor of 35 and p?
5
Suppose -19*r + 589 + 76 = 0. Suppose -7*x = -3*x. Suppose 4*j - 25 = -o, -2*j + 11 = -x*j + o. What is the highest common factor of j and r?
7
Let d = 26 - 21. Suppose d = 2*b - 4*r - 1, -4*b + 4*r = -16. Suppose b*t - 46 = 3*t. What is the greatest common divisor of 46 and t?
23
Let g(c) = c - 5. Let p be g(6). Let l = 3542 - 3539. Calculate the highest common factor of p and l.
1
Suppose 2*t - 155 = -3*t. Let g = t - 21. Suppose v - 4*f - 39 = 61, f = -v + 75. Calculate the greatest common factor of v and g.
10
Suppose -2*r + 18 + 90 = 0. Let h be 5*(-3 + r/15). Let u = 10 - h. Calculate the highest common divisor of 7 and u.
7
Suppose 2*h = 7*h + 5*g - 915, -2*g = -3*h + 569. Calculate the highest common divisor of h and 11.
11
Suppose 0 = m + m - 18. Let p(a) = 7*a - 13. Let r be p(m). Suppose -n - 4*n + r = 0. Calculate the highest common divisor of 40 and n.
10
Let m = 16 + 17. Let p be (-22)/(-1)*-1 - 3. Let o = p + 36. Calculate the highest common divisor of o and m.
11
Let q(u) = -u**2 - 7*u - 8. Suppose -5*d + 10 = 35. Let l be q(d). Suppose 4*o = -o + 70. Calculate the highest common factor of o and l.
2
Suppose 10*m - 909 = -69. What is the greatest common factor of m and 105?
21
Let m(b) = b**2 - 10*b - 17. Let k be m(13). Calculate the highest common factor of 55 and k.
11
Suppose -4*h - p = -7*h + 55, 3*h + 4*p = 35. Calculate the greatest common factor of 2771 and h.
17
Suppose 0 = 5*y - 6 - 94. Suppose x + 2*x = 60. Calculate the greatest common divisor of x and y.
20
Suppose -721*k = -714*k - 1785. What is the highest common divisor of 102 and k?
51
Let y(b) = b**3 + 7*b**2 + 3*b - 1. Let p be y(-5). Let g(k) = 36*k - 2. Let l be g(1). What is the greatest common divisor of l and p?
34
Suppose 0 = 2*w - 0*p - 3*p - 233, -123 = -w - 5*p. Let q = -142 + 80. Let o = q + w. What is the highest common factor of 8 and o?
8
Suppose 2*l = 19 + 9. Suppose l = -3*o + o. Let x = o - -12. Calculate the highest common factor of x and 15.
5
Let v = 40 + -31. Let c(t) = -t + 14. Let u be c(v). Calculate the greatest common factor of u and 5.
5
Let l = 120 - 70. Suppose 3*o - l + 11 = 0. Calculate the highest common divisor of o and 13.
13
Let l = -8 + 4. Let q be (-3)/(-6)*2 - l. Suppose -165 - 55 = -4*d. Calculate the highest common divisor of d and q.
5
Let w be 113/1356 - (-838)/24. What is the greatest common factor of 15 and w?
5
Let t be (2 - (-195)/6)*2. Suppose 0 = 7*z - 6*z - 63. Suppose 0 = -2*f - f - 4*k + t, -2*f + 3*k = -z. Calculate the highest common factor of f and 189.
27
Suppose 28 = -7*r - 35. Let h be (-60)/r*(-27)/15*-1. What is the greatest common divisor of h and 3?
3
Let c(x) be the second derivative of -19*x**3/6 - 17*x**2/2 + 7*x. Let i be c(-9). Calculate the greatest common divisor of 14 and i.
14
Let y be -4 - (3 + -8) - 60. Let z = y + 63. Suppose 3*s - x - 7 = -3*x, 10 = 5*x. Calculate the greatest common divisor of s and z.
1
Let w = 15 - 8. Suppose -5*j - 15 = 3*q - 100, 4*q = -4*j + 60. Let t = j + -13. Calculate the highest common factor of t and w.
7
Let k = 39 - 41. Let q(p) = 18*p**2. Let x be q(k). Let h = 1